(q)?
1
Suppose -3*w + 15*y = 13*y - 1847, y = -5*w + 3061. What is the tens digit of w?
1
Suppose 6*l - 2*l + 52 = 0. Let v(k) = -k**3 + 3*k**2 + 4*k + 12. Let w be v(5). Let b = l - w. What is the units digit of b?
5
Let c(d) = -d**2 + d + 15. Suppose 0*u + 8 = 4*y + 2*u, -3*y - 5*u = -20. What is the tens digit of c(y)?
1
Suppose -3*d + 2*y = -127, 3*d - 4*y + 6*y = 131. Suppose -5*n + 3*w = -339, -n - 4*w + 34 + d = 0. What is the tens digit of n?
6
Let v be (-2667)/(-56)*2 - 2/8. What is the tens digit of v/3 + -8 - 2/(-6)?
2
Let d(a) = a**3 - 12*a**2 - a + 4. What is the thousands digit of d(17)?
1
Let z be 14/4*(-20)/(-7). Let i(j) = j**2 + z*j + 0*j**2 + 4 + 2. What is the units digit of i(-10)?
6
Let q(z) = z**2 - 2*z + 2. Let t(m) = -m**3 + 7*m**2 + 6*m + 18. Let v be t(8). What is the units digit of q(v)?
2
Let a = -38 - -42. Suppose -a*b = 30 - 306. What is the tens digit of b?
6
Suppose 3*l - 1 = 4*o, 3*l + 6*o - 11 = 5*o. What is the units digit of 2 - ((-1760)/25 + l/(-5))?
3
Let y(x) = x**3 + 16*x**2 + 4*x + 21. What is the thousands digit of y(10)?
2
Suppose -r + 12 = -u, r = -3*u - u + 27. Let z = -10 + r. Suppose 3*j - 96 = 3*a + a, -160 = -z*j - 3*a. What is the units digit of j?
2
Let x = -47 - -49. Suppose -n + 20 = -3*m - 1, x*n + 2*m - 34 = 0. What is the units digit of n?
8
Suppose -s + 55 = 2*o, 2*o + 4*s = -0*s + 52. Let b = 50 - o. Suppose -4*w = -6*w + b. What is the tens digit of w?
1
Suppose 417 = 4*i - 823. What is the units digit of i?
0
Let m(n) = -n**2 + 0 - n + 14 - 9. What is the units digit of m(0)?
5
Let a(z) = z - 1. Let g be a(4). Suppose g*s - 47 = 34. What is the units digit of s?
7
Let z = -235 - -142. Let g = 257 + z. What is the tens digit of g?
6
Suppose 0 = z - 6*z - 320. Let t = -24 - z. What is the units digit of t?
0
Let y(d) = 6*d**3 - 7*d**2 + d + 14. Let l(r) be the first derivative of -r**4/4 - r - 9. Let a(g) = -5*l(g) - y(g). What is the tens digit of a(5)?
3
Suppose 5*m - 24 = 11. Let w = -3 + m. What is the units digit of w?
4
Suppose 18 + 30 = 8*k. Suppose k*c = -c + 420. What is the tens digit of c?
6
Let q(s) = 6*s**2 + 18*s - 36. What is the hundreds digit of q(-14)?
8
Let z(s) be the third derivative of -s**6/60 + s**5/60 - s**4/24 - 5*s**3/6 - s**2. Suppose -49 - 8 = 19*i. What is the units digit of z(i)?
1
Suppose -3*i = -1 - 8. What is the tens digit of i - (-40 - -3) - -4?
4
Suppose 0 = -3*v + 8 + 4. Suppose -v*n + 405 = n. What is the units digit of n?
1
Let a(o) = -o**3 + o**2 - 8*o - 30. What is the hundreds digit of a(-9)?
8
Suppose 5*a - 1795 = -5*z + 2*z, 3*a = -5*z + 3013. Suppose -7*g + z = -102. What is the hundreds digit of g?
1
Suppose -1 + 21 = 2*h. Suppose h = 3*w - 26. Suppose 5 + 0 = -2*d + 5*z, w = 4*z. What is the units digit of d?
5
Let u be -5 + (-16)/(-4) + -1. Let v be u/(1 - 13/14). Let n = 61 + v. What is the units digit of n?
3
Let o be 2 - 10 - (-3 - -2). Let z be 7/(-7)*(-1 - o). What is the units digit of 68/5*(-15)/z?
4
Let g(i) = i**3 + i**2 - 4*i + 1. Let m be g(4). Let t = -2222 + 2185. Let u = t + m. What is the tens digit of u?
2
Suppose -3*j - 7*q + 32 = -3*q, -j + 4*q = 16. Suppose 24 = j*b + 2*b. Suppose 3 = 3*w, 0 = i + b*w - w - 32. What is the tens digit of i?
2
Suppose -4*g = -3*g + 3. Let h be 0*g/24*-4. Suppose h = 2*n - 4*n + 18. What is the units digit of n?
9
Suppose 0 = s + s + w + 172, 5*s + 5*w + 440 = 0. Let a = 33 + s. Let m = -17 - a. What is the tens digit of m?
3
Suppose -5*k + 5752 = -3638. What is the hundreds digit of k?
8
Suppose 27 = y + 22. What is the units digit of 88 + 2 + -6 + y?
9
Let s(f) = f**3 - 27*f**2 + 37*f + 62. What is the units digit of s(28)?
2
Let a be 1*(-8)/4 - -6. Suppose -a*j + 15 = 3*k, 0 = -3*j - 3*k - 5 + 20. Suppose j = -5*g + g - 3*x + 89, -3*g + 2*x + 71 = 0. What is the units digit of g?
3
Let p(h) = 9 + 23 - 4 + 8*h. What is the units digit of p(6)?
6
Let z(b) = b**3 - 10*b**2 + 29*b + 44. What is the tens digit of z(13)?
2
What is the tens digit of ((-471)/(-15))/(3 - (-28)/(-10))?
5
Let v = 151 + 433. What is the tens digit of v?
8
Let k(g) = -g - 5. Let x(a) = -a**3 + 2*a**2 + a + 1. Let t be x(2). Let s be k(t). Let y = 20 + s. What is the units digit of y?
2
What is the hundreds digit of (-9)/(32795/2982 + -11)?
8
Let j be 125*44*4/10. Suppose 2375 = 5*k - j. What is the units digit of 4/6*k/10?
1
Suppose -2*a = -4*v - 3*a + 19, 5*v - 3*a - 11 = 0. Suppose 0*z - 2*z + 10 = 0, v*g = -2*z + 334. What is the tens digit of g?
8
Suppose 0 = d + 6*d - 966. What is the hundreds digit of (-15)/(-10)*d/1?
2
Suppose j = -j + 5*x + 47, 2*j + 2*x = 40. Let y = j - 19. Suppose -y*u + n + 29 = -37, -2*u + 5*n = -82. What is the tens digit of u?
3
Suppose -4*c + 25 = 5. Suppose c*l - 1 = -2*r, 2 - 1 = -l. Suppose -6 = -3*g, -r*j - 4*g = -4*j + 17. What is the tens digit of j?
2
Suppose 0*i - i = -l + 13, 0 = i - 4*l + 25. Let t(w) = -8*w - 7. What is the tens digit of t(i)?
6
Let k be -12 + (-4 - -3 - -4). Let o = 7 + k. What is the tens digit of ((-59)/o)/((-3)/(-6))?
5
Let u(a) = -4*a**2 + 3*a**2 + 2*a**2 - 4 + 11*a. Let r be u(-12). Suppose r = k + 2. What is the units digit of k?
6
Suppose s - 5404 + 1623 = -2*m, -20 = -4*s. What is the hundreds digit of m?
8
Suppose 0*y + 20 = -2*y - 4*x, y = -3*x - 15. Suppose -2*z + 0*c + 30 = 4*c, -5*c - 10 = y. What is the tens digit of z?
1
Suppose 0 = -204*q + 202*q + 4472. What is the units digit of q?
6
Let m be (-1)/(-4) - 2057/(-44). Suppose 2*w + s - 65 = m, 0 = -3*s + 6. What is the tens digit of w?
5
Let k(b) = -b**2 - 24*b + 7. Let o be k(-10). Let n = -85 + o. What is the tens digit of n?
6
Let f(m) = m**3 + 8*m**2 + 4*m + 4. Let o be -23 + (-4 - (-11 - -3)). Let u = o + 12. What is the tens digit of f(u)?
2
Let x = 1140 + -515. What is the hundreds digit of x?
6
Suppose 24 - 4 = 5*x, -5*x = 5*y - 45. Suppose -y + 1 = -4*v. Suppose 0 = 4*i + 2*m - 36, i = -2*m + 13 - v. What is the units digit of i?
8
Let i(n) = -9*n + 2. Suppose -4 = 7*f - 5*f. What is the units digit of i(f)?
0
Suppose 42408 = 200*r - 181*r. What is the units digit of r?
2
Let b(l) = -8*l**3 + 2*l**2 - 2*l + 2. Let o be b(2). Let g = 127 + o. Suppose 2*s + g = 5*s. What is the units digit of s?
3
Let i = 1492 - 754. What is the hundreds digit of i?
7
Let u be 1*3 - (-8)/(-4). Let o be 5/2 - u/(-2). Suppose -141 = -o*b + 3. What is the units digit of b?
8
Suppose -3*h + 1184 = -2545. What is the units digit of h?
3
Let g = -100 - -144. Suppose -18*p = -19*p + g. What is the units digit of p?
4
Let g be ((-2)/5)/((-5)/(-750)). Let q = -4 - 0. What is the tens digit of 18/q*g/18?
1
Let z = -12 + 16. Let d(f) = -11*f + 2 + f**2 + 0*f**2 - 2*f**2 - z. What is the tens digit of d(-7)?
2
Suppose 1062*f - 1053*f = 27054. What is the units digit of f?
6
Suppose 3*j + 2*o + 8 = -2, 21 = -4*j + 5*o. Let u(n) = n**3 + 8*n**2 + n + 3. What is the units digit of u(j)?
3
Let h be (58/(-3))/(11/33). Let y be h/4*(-6 - -8). Let j = y - -46. What is the tens digit of j?
1
Let o be 9/(-6)*2*2. What is the tens digit of ((-34)/(-8)*o)/(6/(-12))?
5
Let t = 171 - 297. What is the tens digit of (13/39)/((-2)/t)?
2
Suppose -l - 4 = u, 26 = -5*l - u - 14. Suppose 2*h + 3*r = 2*r - 525, 2*r = 5*h + 1290. What is the units digit of h/(-36) + 2/l?
7
Let y(f) = -f**3 - 25*f**2 + 21*f - 80. What is the units digit of y(-26)?
0
Let h = 12111 + -6116. What is the tens digit of h?
9
Let b = 424 + -280. Suppose -5*y = -3*y - b. Suppose -y = 2*j - 6*j. What is the tens digit of j?
1
What is the units digit of (70 + -4)/6*(-3 + 126)?
3
Let w(z) = 0*z**2 + 0*z**2 - z**2 + 6*z + 131 - 135. What is the units digit of w(5)?
1
Let k(v) = 2*v**2 + 5*v + 3. Suppose -2*n = -4*d + n + 52, -2*d - 4*n = -4. Let y = d - 14. What is the tens digit of k(y)?
1
Let u(s) = s + 0 - 11 + s + 5 + s**2. Let a(k) = 3*k**2 + 7*k - 18. Let g(v) = 3*a(v) - 8*u(v). What is the tens digit of g(3)?
1
Let l be 8/(-4)*(-25)/2. What is the tens digit of -6*(l/(-5) - -1)?
2
Let t(a) = 2*a + 24. Let i be t(-10). Suppose q + 126 = i*q. What is the tens digit of q?
4
Let q(k) = -9*k**3 - 5*k**2 + k - 2. What is the hundreds digit of q(-5)?
9
What is the hundreds digit of 17/(170/15)*293*2?
8
Let k = 58 + -17. Suppose -2 = 2*y, -5*c + 5*y + 53 = 